{"id":23,"date":"2024-08-10T23:31:21","date_gmt":"2024-08-10T21:31:21","guid":{"rendered":"https:\/\/www.clipclap24.fr\/?page_id=23"},"modified":"2025-08-22T21:02:33","modified_gmt":"2025-08-22T19:02:33","slug":"qui-sommes-nous","status":"publish","type":"page","link":"https:\/\/www.clipclap24.fr\/index.php\/qui-sommes-nous\/","title":{"rendered":"Qui sommes-nous ?"},"content":{"rendered":"\n<p>Clip Clap 24 est une association de vid\u00e9astes amateurs bas\u00e9e en Dordogne (24) qui compte plus de 30 ans d\u2019existence.<\/p>\n\n\n\n<p>Vous trouverez sur ce site une grosse partie de notre production.<\/p>\n\n\n\n<p>Nous esp\u00e9rons vous faire passer un bon moment en notre compagnie et peut-\u00eatre vous donner envie de nous rejoindre.<\/p>\n\n\n\n<p><strong>Adh\u00e9sions :<\/strong><\/p>\n\n\n\n<p>50\u20ac : Montant pour la cotisation 2025\/2026.<\/p>\n\n\n\n<p>30\u20ac : Pour les \u00e9tudiants et les demandeurs d\u2019emploi.<\/p>\n\n\n\n<p>L\u2019association se r\u00e9serve le droit d\u2019accepter toutes nouvelles candidatures.<\/p>\n\n\n\n<p><\/p>\n","protected":false},"excerpt":{"rendered":"<p>Clip Clap 24 est une association de vid\u00e9astes amateurs bas\u00e9e en Dordogne (24) qui compte plus de 30 ans d\u2019existence. Vous trouverez sur ce site une grosse partie de notre production. Nous esp\u00e9rons vous faire passer un bon moment en notre compagnie et peut-\u00eatre vous donner envie de nous rejoindre. Adh\u00e9sions : 50\u20ac : Montant &hellip; <\/p>\n<p><a class=\"more-link btn\" href=\"https:\/\/www.clipclap24.fr\/index.php\/qui-sommes-nous\/\">Lire la suite<\/a><\/p>\n","protected":false},"author":1,"featured_media":0,"parent":0,"menu_order":0,"comment_status":"closed","ping_status":"closed","template":"","meta":{"footnotes":""},"class_list":["post-23","page","type-page","status-publish","hentry","nodate","item-wrap"],"_links":{"self":[{"href":"https:\/\/www.clipclap24.fr\/index.php\/wp-json\/wp\/v2\/pages\/23","targetHints":{"allow":["GET"]}}],"collection":[{"href":"https:\/\/www.clipclap24.fr\/index.php\/wp-json\/wp\/v2\/pages"}],"about":[{"href":"https:\/\/www.clipclap24.fr\/index.php\/wp-json\/wp\/v2\/types\/page"}],"author":[{"embeddable":true,"href":"https:\/\/www.clipclap24.fr\/index.php\/wp-json\/wp\/v2\/users\/1"}],"replies":[{"embeddable":true,"href":"https:\/\/www.clipclap24.fr\/index.php\/wp-json\/wp\/v2\/comments?post=23"}],"version-history":[{"count":3,"href":"https:\/\/www.clipclap24.fr\/index.php\/wp-json\/wp\/v2\/pages\/23\/revisions"}],"predecessor-version":[{"id":104,"href":"https:\/\/www.clipclap24.fr\/index.php\/wp-json\/wp\/v2\/pages\/23\/revisions\/104"}],"wp:attachment":[{"href":"https:\/\/www.clipclap24.fr\/index.php\/wp-json\/wp\/v2\/media?parent=23"}],"curies":[{"name":"wp","href":"https:\/\/api.w.org\/{rel}","templated":true}]}}